ivided by b.
24
Let n be (-4)/(-30) - (-3536)/(-195). Let b(g) = -4*g - 2. Let d be b(-3). Let h = d - n. Calculate the remainder when h is divided by 10.
8
Suppose 4*f + 142 = -2*c, -4*f - 33 = -3*f + c. Let p = -27 - f. What is the remainder when 0/1 + 61 + 27/(-3) is divided by p?
8
Let d(k) = k**2 - 2*k + 50. Suppose -10*y + 7*y = 0. Let q = -99 - -117. What is the remainder when d(y) is divided by q?
14
Let s(q) = 2*q**2 + 10*q + 36. Let o be s(-4). Suppose o*u - 30*u + 82 = 0. Suppose 39*j + 80 = u*j. What is the remainder when j is divided by 7?
5
What is the remainder when 12326/(-10)*(-570)/114 is divided by 5?
3
Suppose 42*j - 272 = 14371 + 9591. What is the remainder when 2900 is divided by j?
15
Suppose -3*u = 3*w - 9, 22 = 2*u + 3*w - 5*w. Suppose 0 = d - u*d + d. Suppose d = -19*b + 11*b + 24. Calculate the remainder when 4 is divided by b.
1
Let n = -12686 + 12816. What is the remainder when 2739 is divided by n?
9
Let s(b) = 32*b + 6. Let o be s(-6). Let i(p) = 12*p**2 - 289*p - 77. Let w be i(24). Let g = w - o. What is the remainder when g is divided by 22?
19
Let o(a) = -2*a + 205. Let c be o(-5). Suppose 0 = -0*i - 2*i - 186. Let s = i + c. What is the remainder when s is divided by 31?
29
Let z = -847 - -841. Let q(x) = 2*x**3 + 2*x**2 + x - 1. Calculate the remainder when q(2) is divided by (4 - -10)/(-7*z/42).
11
Let g(h) be the third derivative of 3*h**4/4 - h**3/3 + 14*h**2. Suppose -196*r + 191*r + 335 = 0. What is the remainder when r is divided by g(2)?
33
Suppose 62*g - 90 = 96. Let b be (-1)/1*-46 - 2. Suppose 0 = 4*t + 4*u - b, -t - 3*t = u - 53. Calculate the remainder when t is divided by g.
2
Calculate the remainder when ((-8)/4 + (-16)/(-5))/(234/288405) is divided by 365.
19
Calculate the remainder when 54549 is divided by (70/(-6))/(2170/(-1860)).
9
Calculate the remainder when 2 + 51/(-30) - (-927153)/690 is divided by 35.
14
Suppose -j - 16 + 11 = -4*g, -5*g + 4 = -2*j. Suppose w + 216 = j*w + 4*a, -2*w + 4*a + 256 = 0. Calculate the remainder when w is divided by 40.
38
Let r(s) = 36*s - 47. Let h(v) = 4*v - 10. Let n be h(3). Calculate the remainder when (-1 - 98*-1)/1 is divided by r(n).
22
Let g(v) = 15*v**2 + 2518*v - 243. What is the remainder when g(-168) is divided by 6*-10*(-12)/30?
21
Let u = 1590 + -1052. Calculate the remainder when u is divided by 166.
40
Let p be 2163/(-21)*(-2 + (-3 - -10)). Let a = 530 + p. What is the remainder when 250 is divided by a?
10
Let v(z) = -1350*z - 6938. What is the remainder when v(-8) is divided by 14?
12
Let w = -12660 - -17058. What is the remainder when w is divided by 220?
218
Suppose 5*d + 3*d = 152. Suppose 0 = -d*i + 115 - 20. Calculate the remainder when 23 is divided by i.
3
Suppose 0 = -5*t - 2*p + 576, t + 4*p - 572 = -4*t. What is the remainder when t is divided by 1953/(-62)*(-8)/36?
4
Suppose -s - 5*j = -88, -3*s - 4*j = 133 - 342. Let p = s - 51. What is the remainder when 3/(5/(690/9)) is divided by p?
10
Suppose 24*y - 702 = 1290. Suppose -y - 53 = -2*v. Calculate the remainder when v is divided by 22.
2
Suppose 30*v = 39*v - 378. Suppose j - v = -13. Calculate the remainder when 98 is divided by j.
11
Suppose -16*j + 6*j = 960. Calculate the remainder when (-3768)/j - 2/8 is divided by 8.
7
Let s = 65 + -62. Suppose 92 = s*n + 41. Suppose -57 - 5 = -2*g. Calculate the remainder when g is divided by n.
14
Let t(s) = s**3 + 16*s**2 + 66*s + 31. Let o(r) = r**2 + 6*r + 9. Let v be o(-6). Calculate the remainder when v/(-3)*10/(-2) is divided by t(-9).
3
Let q(g) = -6*g + 68. Let v be q(11). Suppose -5*l + 404 = -2*z, -z - 156 = -v*l - 3*z. What is the remainder when l is divided by 30?
20
Let p(y) = -y**3 - 8*y - 7. Suppose -117*a + 121*a = 4*z + 24, 2*z = 14. What is the remainder when p(-6) is divided by a?
10
Suppose 4*l - 9*u + 10*u - 1 = 0, 0 = -2*u - 6. Let p(m) = 125*m + 2. Let f be p(2). Calculate the remainder when 58 is divided by 3/(-9)*f/(-5 + l).
16
Suppose -100 = -2*z - 4*i, -3*z - 3*i = -85 - 44. Calculate the remainder when 807 is divided by z.
15
Suppose -74*h - 14*u + 3208 = -72*h, 0 = -h + 4*u + 1549. Calculate the remainder when h is divided by 131.
128
Suppose 0 = -4*s - 16, 3*k - 20*s + 21*s = 14603. What is the remainder when k is divided by 21?
18
Let l(k) = -6*k + 286. Let z be l(46). Let t(c) = 49*c - 337. What is the remainder when t(z) is divided by 40?
33
Let m(b) = -5*b + 26. Let y = -126 + 122. Calculate the remainder when m(y) is divided by 8.
6
Let f be (7 + (-22 - -7))*31. Let c = f + 328. Calculate the remainder when 717 is divided by c.
77
Let n = -150 + 105. Suppose 16*d = 10*d - 258. Let u = d - n. What is the remainder when 8 is divided by u?
0
Suppose -1593 = -4*t - g, -5*t - 5*g - 372 = -6*t. Suppose -4*v - 8*y + 3*y + 1597 = 0, -y = -v + t. Calculate the remainder when v is divided by 19.
18
Let m(a) = -a + 8. Let r be m(2). Let p(x) = 2*x**3 - 7*x**2 + 2*x + 12. Let d be p(r). Let c = d + -146. Calculate the remainder when c is divided by 20.
18
Let s = 4 + -4. Suppose -5*r = -s*r - 40. Let t(u) = 6*u**2 - 25*u - 10. Calculate the remainder when t(5) is divided by r.
7
Let c = 130 - 122. Let m = 8 - 12. What is the remainder when c is divided by (-7 - 9)*2/m?
0
Let j(c) = c**3 + 5*c**2 - 7*c - 6. Let k(z) = z**3 - z. Let d be k(3). Calculate the remainder when j(-5) is divided by (d/(-10))/((60/6)/(-50)).
5
Let h(t) = -19*t + 6. Let x = -49192 - -49254. Calculate the remainder when h(-6) is divided by x.
58
Let c = 1115 + -282. Suppose -c = 17*y - 2550. Calculate the remainder when y is divided by 17.
16
Suppose 42 = -7*p, 11*p = v + 15*p - 6746. Calculate the remainder when v is divided by 183.
182
Suppose 2033 = y + 4*j - 5*j, j + 10201 = 5*y. Calculate the remainder when 2049 is divided by y.
7
Suppose -w = 6*w + 140. Let c(z) = z**3 + 23*z**2 + 59*z - 4. Suppose 3*g = -0 - 3, -2*x + 3*g = -9. What is the remainder when c(w) is divided by x?
1
Calculate the remainder when (466/(-6) - 3/(-18))*(-1566)/135 is divided by 130.
119
Suppose -2*y = 4*y - 18. Suppose 5*s - 52 - 52 = -y*v, 4 = -2*s. What is the remainder when v is divided by 16?
6
Let v = 15 - 40. Let n = -11 + v. What is the remainder when (n/30)/((-6)/135) is divided by 15?
12
Suppose -1713 - 1653 = -22*s. Let i = s + -73. What is the remainder when i is divided by 21?
17
Suppose 0 = 54*w - 66*w + 72. Let h = 10 - 10. Suppose -w*f + 67 - 7 = h. What is the remainder when 49 is divided by f?
9
Suppose 5*z - 2*l - 44 = -17, -14 = -2*z + 4*l. Let p = 7782 - 7777. Calculate the remainder when z is divided by p.
0
What is the remainder when (147/4)/(1/4) is divided by 935/154 - (-6)/(-24)*8/28?
3
Suppose 136 - 150 = -7*n. Suppose -c = n*m - 10 - 27, -4 = m - 4*c. Calculate the remainder when 46 is divided by m.
14
Let z(r) = 6*r - 30. Suppose 4*h = -4*i + 2 + 22, 0 = -3*h - 2*i + 19. Let o be z(h). Suppose o*g = 3*g + 18. Calculate the remainder when 6 is divided by g.
0
Suppose -3*c + 8 = -16. Suppose c*w = 44*w - 108. What is the remainder when 15 is divided by w?
0
Suppose 3*s = 6*f - 2*f - 1807, 0 = -f + 5*s + 473. Suppose -5*m - 238 = -f. Calculate the remainder when m is divided by 9.
6
Let y(n) = -n**3 - 7*n**2 + 4*n - 32. Let s be y(-8). Calculate the remainder when 24 is divided by 10 - (3 + s + (-12)/12).
0
Suppose -80*p - 86 = -82*p. Calculate the remainder when 1671 is divided by p.
37
Let p(g) = -1364*g**3 + 3*g**2 + 5*g. Calculate the remainder when p(-1) is divided by 150.
12
Let q(i) = 315*i + 10 - 123*i - 149*i - 108*i. Suppose 0 - 4 = 2*s. Calculate the remainder when q(s) is divided by 24.
20
Let u(o) = -o**2 - 634*o - 13132. Calculate the remainder when u(-22) is divided by 57.
47
Suppose -75*r = 18 - 168. Suppose -4*t + 40 = 2*x + 12, r*t + 8 = 0. What is the remainder when 38 is divided by x?
16
Suppose -76*t + 12558 = -63*t. Calculate the remainder when 1939 is divided by t.
7
Suppose 2*b = 7 + 3. Suppose -2*n = -4*w - 32, 0*n + 5*w = -b*n + 80. Let u = -28490 + 28552. What is the remainder when u is divided by n?
14
Suppose -289 - 285 = -0*o - 7*o. Calculate the remainder when 724 is divided by o.
68
Let y(z) = 6*z + 108. Let a(f) = -2*f - 35. Let p(g) = 14*a(g) + 5*y(g). Calculate the remainder when p(2) is divide